se -5*l + 5 = 0, -x = -5*a + 5*l + 213. Let h = a - 70. What are the prime factors of h?
2, 5, 11
Suppose 7*m = 35*m - 196. List the prime factors of m/((-56)/1228)*-6.
3, 307
Let m be 4/(-18) - (-20)/9. What are the prime factors of 16/m*(-5456)/(-64) + 3?
5, 137
Let f = 15846 + -7032. List the prime factors of f.
2, 3, 13, 113
Suppose -3*p + 158010 = -5*r, 6*p - 193129 = 2*r + 122843. What are the prime factors of p?
2, 5, 2633
Suppose -2*i + 24022 = 5*f - 65603, -5*i - f = -224143. What are the prime factors of i?
2, 5, 4483
Suppose 34*g - 30*g = 20. Suppose 2*k = -g*p + 215, -15*k - 435 = -19*k - 5*p. List the prime factors of k.
2, 5, 11
Let b be (-2713)/(-3) - 246/(-369). List the prime factors of b - (-12 - (-15 + 7)).
3, 101
Suppose -2*s - 4*q = -4876, 2*q - 7234 = -2*s - 2350. List the prime factors of s.
2, 1223
Let v = 19669 - 10389. What are the prime factors of v?
2, 5, 29
Let d(s) = -s**2 - 9*s + 16. Let x be d(-10). Let o(a) = 41*a - 11. What are the prime factors of o(x)?
5, 47
Let y be (-12)/40 - 28466/(-20). Suppose 0 = 3*q - y - 2099. What are the prime factors of q?
2, 587
Suppose 214756 = 25*s - 69074 - 667645. What are the prime factors of s?
7, 5437
List the prime factors of -7948*((-45)/6 - -7) - 7.
3967
Let k = -285 + 288. Let u = -25 - -41. Suppose k*v = 4*v - u. What are the prime factors of v?
2
Suppose -8*k + 3*k + 209 = -3*v, -355 = 5*v - 5*k. Let p = 955 - v. What are the prime factors of p?
2, 257
Let m(h) be the second derivative of h**5/5 + h**4/3 - h**3/3 - h**2 - 65*h. What are the prime factors of m(4)?
2, 5, 31
Let o = -100 + 91. Let f(v) = -8*v - 24. Let q be f(o). Let g = q - -156. What are the prime factors of g?
2, 3, 17
Let y(z) = -348*z**3 + 2*z**2 - 8*z - 108. What are the prime factors of y(-5)?
2, 3, 7247
Let y(k) = 3*k**2 + 2*k**2 - 2*k**2 + 16 + 7*k + 5*k**2. Let x be (-5 + 6)*(-4)/1. What are the prime factors of y(x)?
2, 29
Suppose -5*q + 853 = 4*i, 5*i + 7 = 17. Let w = 13396 - 13326. Suppose q + w = l - 2*d, l = 3*d + 241. What are the prime factors of l?
5, 47
Let d = -16698 + 33678. List the prime factors of d.
2, 3, 5, 283
Suppose 4*g - 681 = 3*h, 5*h + 2 = 7. Suppose 44*a - 41*a = g. What are the prime factors of a?
3, 19
Suppose 4*g + 2340 = -6*g. Let w be (g/(-65))/((-3)/(-10)). Suppose -28*m + 31*m = w. List the prime factors of m.
2
Let m = -658 - -3158. Let o = -1723 + m. List the prime factors of o.
3, 7, 37
Let f(j) be the second derivative of j**4/12 - 11*j**3/3 - 11*j**2/2 - 49*j. Let n be f(10). Let h = -113 - n. List the prime factors of h.
2, 3
Let z(h) = 126*h - 2734. List the prime factors of z(28).
2, 397
Let l = 3318 - 376. List the prime factors of l.
2, 1471
Let k be 3/(-18) + 49/6. Suppose 7*h + 6 = 4*h - 5*i, -3*i - k = 4*h. List the prime factors of ((-1656)/(-7 - -15))/(h + 1).
3, 23
Suppose -m + 217 = 108. Suppose -14519 = -23*x + m. What are the prime factors of x?
2, 3, 53
Let g(o) = o**3 - 4*o**2 - o - 6. Let n be g(5). Suppose 298 = 8*m - n. Let z = -10 + m. What are the prime factors of z?
29
Suppose 3*k - 2*m + m = 17, -4*m = -4*k + 36. Suppose -2*v - 2 = -k*f - 0, -15 = -5*v. Suppose c = -f*i + 165, c - 4*c = -9. What are the prime factors of i?
3
Let h be 0/(3 - (0 - -1)). Suppose -3*q - 5*q + 4120 = 0. Suppose h = 2*o - 7*o + q. What are the prime factors of o?
103
Suppose -5*c + 359 = j, j - 132 + 421 = 4*c. Let p = -334 - -468. Let t = p - c. List the prime factors of t.
2, 31
Let o be (-1)/2 + 173/2. Let d = -70 - o. List the prime factors of -9*1280/d + 2/13.
2, 37
Let b(d) = -515*d + 7123. List the prime factors of b(5).
2, 3, 379
Let t be 4/(-14) - (-43778)/(-98). Let b = t + 298. Let q = -105 - b. List the prime factors of q.
2, 11
Let c be (-6)/(-1) + -3 - 2/(-2). Suppose 0 = -c*u + 8*u - 4376. List the prime factors of u.
2, 547
Let c = 56 - 48. Let n = c + 73. Let o = -40 + n. What are the prime factors of o?
41
Let c(n) = n**2 - n - 88. Let g be c(32). Let u = g + -538. What are the prime factors of u?
2, 3, 61
Suppose 1666*l - 1661*l - 51548 = -2*t, -t - 41241 = -4*l. What are the prime factors of l?
2, 5, 1031
Suppose 4*u = 3*s - 5*s + 4592, -s = -4*u + 4604. Suppose 6*g - 404 - u = 0. List the prime factors of g.
7, 37
Let n(c) = 9749*c**2 + 5*c + 4. List the prime factors of n(-2).
2, 5, 7, 557
Suppose 5*o - 891 = -886, 2*s - 4*o = 32002. List the prime factors of s.
13, 1231
Suppose 1129*j - 658988 = 1085*j. What are the prime factors of j?
17, 881
Let o = 13 + -12. Let v(b) = 122*b**2 + b. Let h be v(o). Suppose 3*j = 4*d - 492, -4*j + h = -0*d + d. List the prime factors of d.
3, 41
Suppose -13*l + 9*l = -104. Suppose o = -g - 0*o - l, 74 = -3*g - o. Let q = 70 + g. What are the prime factors of q?
2, 23
Suppose -3*d + 474 + 1134 = 0. Suppose -1179 = 7*z + 1383. Let y = d + z. What are the prime factors of y?
2, 5, 17
Suppose 38*n - 16*n = 43604. Suppose n = 6*u - 1330. What are the prime factors of u?
2, 3, 23
Let s = -236 + 73. Let b = 398 + s. List the prime factors of b.
5, 47
Let z(x) = 4*x**3 + 170*x**2 + 57*x + 29. List the prime factors of z(-42).
1163
List the prime factors of -1*12/9*((-141388)/16 - -10).
3, 3923
Let l(k) = 13*k**2 - 19*k + 35. Let q be l(8). Suppose -5*r = 4*v - q, -4*r - v - 160 + 721 = 0. What are the prime factors of r?
139
Suppose 0 = 13*j - 15*j. Suppose -10 = -2*q - 0*q + 3*w, j = 5*q + 4*w - 2. Suppose g + 3 = 2*t - 88, 2*t + q*g = 100. List the prime factors of t.
47
Suppose -b - 14 = -5. Let q(g) = 2*g**2 - 13*g - 14. What are the prime factors of q(b)?
5, 53
Suppose 0*n + 4*n = 4688. Suppose -4*q + 7*t + n = 11*t, t - 1457 = -5*q. List the prime factors of q.
3, 97
Let y be -7 - (4 - 5)*11. Suppose 10*f - 2976 = y*f. What are the prime factors of f?
2, 31
Let j = -449 + 266. List the prime factors of (j/6)/(1/(-18)).
3, 61
Let d be (-41 - (6 - 3))/((-4)/6). Let w = 191 - d. Suppose -2*o - 902 = -5*b, 3*o + 238 = 2*b - w. What are the prime factors of b?
2, 3, 5
Suppose -6*w + 194 = -136. Let d(m) = -115 + m**3 + w - 6*m**2 + 52 - m - 2*m**3. List the prime factors of d(-8).
2
Let s = 44 - 43. Let d be ((14/(-21))/s)/((-4)/18). Suppose 0 = 4*g - 3*x - 41, 0 = -0*g + 3*g - d*x - 27. List the prime factors of g.
2, 7
Let u be (-14496)/(-80)*40/6. Suppose 4*z + i + u = 0, -i - 2*i - 1503 = 5*z. Let m = 437 + z. What are the prime factors of m?
2, 67
Suppose 9*q - 14 = 22. Suppose -q*i + 2*r = 34, 6*r - 15 = 3*r. Let g(u) = -u**3 + 2*u**2 + 5*u - 15. What are the prime factors of g(i)?
3
Let o = -46 + 13. Suppose -280 = 409*z - 407*z. Let w = o - z. What are the prime factors of w?
107
Let a be 4/((-5 + 718/142)/(-2)). Suppose 5*l = 647 + 393. Let r = l + a. List the prime factors of r.
2, 3, 11
Let b(k) be the second derivative of 45*k**4/2 - 8*k**3/3 - 3*k**2 - 37*k. List the prime factors of b(2).
2, 521
Let u(m) = 619*m**2 + 2*m + 2. Let w = 327 - 328. List the prime factors of u(w).
619
Suppose 5*v = -i + 3, -5*i = -5*v - 0*v - 165. Suppose -m = 3*u - 132, 0 = -u - m + 6*m + i. What are the prime factors of u?
43
Let y(v) = 450*v - 742. List the prime factors of y(5).
2, 13, 29
Let v(t) = 6431*t + 1451. List the prime factors of v(8).
3, 7, 11, 229
Let q(a) = a**3 + 8*a**2 + 7*a + 5. Let n be q(-7). Suppose -v + p = 2, -3 = -5*v + p - n. Suppose 6*w + v*w - 390 = 0. What are the prime factors of w?
5, 13
Suppose -5 + 1 = -4*l. Let m be 0 + 0/l + 6. Let z(v) = -v**3 + 8*v**2 + 2*v + 6. What are the prime factors of z(m)?
2, 3, 5
Suppose -3*r + 31 = 2*r - 2*j, -4*r - 5*j = -5. Suppose 2*k = g + 885, 2*k = 5*k + r*g - 1308. List the prime factors of k.
3, 7
Let g = 2435 + -644. List the prime factors of g.
3, 199
Let c = -101 - -107. Suppose 11*q = -c*q + 2703. List the prime factors of q.
3, 53
Let d(h) = 251*h**3 - h**2 + 5*h - 4. Let j be d(1). Let u = 77 + j. List the prime factors of u.
2, 41
Let n = 75 - 70. Suppose 658 = -n*h + 3093. List the prime factors of h.
487
Suppose 8993 = 2*z + 5*i, 70*i = z + 69*i - 4479. What are the prime factors of z?
2, 19, 59
Let l(b) = b**2 + 8*b + 15. Let m(u) = -u**2 - 5*u + 2. Let c be m(-6). Let s be l(c). What are the prime factors of -2 + (33/(-6))/s*18?
97
Suppose -v - 4*w - 47 = 37, 0 = -v - 2*w - 84. Let n = v + 101. Suppose -n*a = -10*a - 658. What a